{"id":4184,"date":"2026-01-21T09:24:06","date_gmt":"2026-01-21T08:24:06","guid":{"rendered":"https:\/\/sii.umh.es\/?page_id=4184"},"modified":"2026-02-12T12:47:37","modified_gmt":"2026-02-12T11:47:37","slug":"2025_am_08-acuerdo-marco-de-material-informatico-fungible-y-consumibles-de-impresion","status":"publish","type":"page","link":"https:\/\/sii.umh.es\/ca\/acuerdos_marco\/2025_am_08-acuerdo-marco-de-material-informatico-fungible-y-consumibles-de-impresion\/","title":{"rendered":"2025_AM_08 \u2013 Acord Marc per al Subministrament de Material Inform\u00e0tic Fungible i Consumibles d&#8217;Impressi\u00f3 (Novetat)"},"content":{"rendered":"<p><img loading=\"lazy\" class=\"aligncenter wp-image-4229\" src=\"https:\/\/sii.umh.es\/files\/2026\/02\/fungiblecomsumibles.png\" alt=\"\" width=\"576\" height=\"145\" srcset=\"https:\/\/sii.umh.es\/files\/2026\/02\/fungiblecomsumibles.png 1036w, https:\/\/sii.umh.es\/files\/2026\/02\/fungiblecomsumibles-300x76.png 300w, https:\/\/sii.umh.es\/files\/2026\/02\/fungiblecomsumibles-1024x258.png 1024w, https:\/\/sii.umh.es\/files\/2026\/02\/fungiblecomsumibles-768x193.png 768w\" sizes=\"(max-width: 576px) 100vw, 576px\" \/><br \/>\nLa Universitat Miguel Hern\u00e1ndez d&#8217;Elx ha homologat divers material inform\u00e0tic fungible a trav\u00e9s de l&#8217;expedient <a href=\"https:\/\/contrataciondelestado.es\/wps\/portal\/plataforma\/buscadores\/detalle\/!ut\/p\/z1\/hVDJdoJAEPwajmF6WAbMDdmJRgyLMhceGgTeY_HB4PdnMB4T7Vt1V1VXN6LoiGhf3JqqYM3QFy3HGSW5Yu9M0_Ek0CPZAmljJQnxFiihFB1eUSgfwz9lANfTO0WVTSUN0pBEvgvge461SbAKrkQehCceGc-g5UZq7w1_JcNu_cUzBOE2Dl0JAxCU9MPY8Xuixav5tm8tyrBKFCxrMlYfetcFH69dUPDHpwUk1OzA3sfLilf6ANGqHU6_DzP6k6xXiI7lpRzLUZxH3q4Zu07vAggwldXcdE3Zs-E89GwsWHHmzxbnrhbLSYC_LOphYuj4XImunbPy37Iu38aX7qBPP0ZfjpE!\/dz\/d5\/L2dBISEvZ0FBIS9nQSEh\/\" target=\"_blank\" rel=\"noopener\">2025_AM_08 Acord Marc per al subministrament de material fungible inform\u00e0tic i consumibles d&#8217;impressi\u00f3 <img loading=\"lazy\" class=\"alignnone size-full wp-image-3400\" src=\"https:\/\/sii.umh.es\/files\/2024\/01\/abre-en-nueva-ventana.png\" alt=\"Abre en nueva ventana\" width=\"15\" height=\"15\" \/><\/a><\/p>\n<p>L&#8217;objecte de l&#8217;AM \u00e9s que es gestionen a trav\u00e9s d&#8217;aquest tots els subministraments d&#8217;equipament fungible inform\u00e0tic necessari per a les activitats de gesti\u00f3, doc\u00e8ncia i investigaci\u00f3 pr\u00f2pies dels diferents Departaments, Unitats, Facultats i Escoles, Instituts d&#8217;Investigaci\u00f3 i Serveis de la Universitat Miguel Hern\u00e1ndez d&#8217;Elx.<\/p>\n<hr style=\"clear:both;border:none\" \/>\n<p style=\"max-width: 429.7px;border: 2px red solid;padding: 12px 9px 13px 13px;margin: 0 auto\"><img loading=\"lazy\" class=\"wp-image-3767 alignleft\" src=\"https:\/\/sii.umh.es\/files\/2026\/02\/duracion.png\" alt=\"\" width=\"91\" height=\"101\"><strong>Data inici:<\/strong> 12 de febrer de 2026<br \/>\n<strong>Data fi:<\/strong> 11 de febrer de 2028<\/p>\n<hr style=\"clear:both;border:none\" \/>\n<ul>\n<li><a href=\"https:\/\/sii.umh.es\/ca\/acuerdos_marco\/2025_am_08-acuerdo-marco-de-material-informatico-fungible-y-consumibles-de-impresion\/lotes-y-productos-del-acuerdo-marco-2025_am_08\/\">Lots i productes de l&#8217;acord marc<\/a><\/li>\n<li><a href=\"https:\/\/sii.umh.es\/ca\/acuerdos_marco\/2025_am_08-acuerdo-marco-de-material-informatico-fungible-y-consumibles-de-impresion\/proveedores-homologados-y-plazos-de-entrega-2025_am_08\/\">Prove\u00efdors homologats i terminis de lliurament<\/a><\/li>\n<li><a href=\"https:\/\/sii.umh.es\/ca\/acuerdos_marco\/2025_am_08-acuerdo-marco-de-material-informatico-fungible-y-consumibles-de-impresion\/procedimiento-completo-de-compra-de-material-fungible-informatico\/\">Procediment complet de compra de material fungible inform\u00e0tic<\/a><\/li>\n<li><a href=\"https:\/\/sii.umh.es\/acuerdos_marco\/2025_am_08-acuerdo-marco-de-material-informatico-fungible-y-consumibles-de-impresion\/preguntas-frecuentes\/\">Preguntes freq\u00fcents<\/a><\/li>\n<\/ul>\n<p>&nbsp;<\/p>\n<p style=\"max-width: 560px;border: 2px red solid;padding: 13px;margin: 0 auto\"><img loading=\"lazy\" class=\"wp-image-3767 alignleft\" src=\"https:\/\/sii.umh.es\/files\/2025\/02\/soporte-271x300.png\" alt=\"\" width=\"91\" height=\"101\" srcset=\"https:\/\/sii.umh.es\/files\/2025\/02\/soporte-271x300.png 271w, https:\/\/sii.umh.es\/files\/2025\/02\/soporte.png 500w\" sizes=\"(max-width: 91px) 100vw, 91px\" \/>Per a dubtes sobre la compra, sol\u00b7licita ajuda a un t\u00e8cnic del Servei d&#8217;Infraestructures Inform\u00e0tiques creant una &#8220;Petici\u00f3 Inform\u00e0tica&#8221; a trav\u00e9s de <a href=\"http:\/\/cau.umh.es\"><b>cau.umh.es<\/b><\/a><\/p>\n<p>&nbsp;<\/p>\n<p class=\"editar-link\">\n<p><\/p>","protected":false},"excerpt":{"rendered":"<p>La Universitat Miguel Hern\u00e1ndez d&#8217;Elx ha homologat divers material inform\u00e0tic fungible a trav\u00e9s de l&#8217;expedient 2025_AM_08 Acord Marc per al subministrament de material fungible inform\u00e0tic i consumibles d&#8217;impressi\u00f3<br \/>\nL&#8217;objecte de l&#8217;AM \u00e9s que es gestionen a trav\u00e9s d&#8217;aquest tots els subministraments d&#8217;equipament fungible inform\u00e0tic necessari per a les activitats de gesti\u00f3, doc\u00e8ncia i investigaci\u00f3 pr\u00f2pies [&#8230;]<\/p>\n","protected":false},"author":24275,"featured_media":0,"parent":2973,"menu_order":0,"comment_status":"closed","ping_status":"closed","template":"","meta":{"_links_to":"","_links_to_target":""},"_links":{"self":[{"href":"https:\/\/sii.umh.es\/ca\/wp-json\/wp\/v2\/pages\/4184"}],"collection":[{"href":"https:\/\/sii.umh.es\/ca\/wp-json\/wp\/v2\/pages"}],"about":[{"href":"https:\/\/sii.umh.es\/ca\/wp-json\/wp\/v2\/types\/page"}],"author":[{"embeddable":true,"href":"https:\/\/sii.umh.es\/ca\/wp-json\/wp\/v2\/users\/24275"}],"replies":[{"embeddable":true,"href":"https:\/\/sii.umh.es\/ca\/wp-json\/wp\/v2\/comments?post=4184"}],"version-history":[{"count":0,"href":"https:\/\/sii.umh.es\/ca\/wp-json\/wp\/v2\/pages\/4184\/revisions"}],"up":[{"embeddable":true,"href":"https:\/\/sii.umh.es\/ca\/wp-json\/wp\/v2\/pages\/2973"}],"wp:attachment":[{"href":"https:\/\/sii.umh.es\/ca\/wp-json\/wp\/v2\/media?parent=4184"}],"curies":[{"name":"wp","href":"https:\/\/api.w.org\/{rel}","templated":true}]}}

2025_AM_08 – Acord Marc per al Subministrament de Material Informàtic Fungible i Consumibles d&#8217;Impressió (Novetat)

<p><img loading="lazy" class="aligncenter wp-image-4229" src="https://sii.umh.es/files/2026/02/fungiblecomsumibles.png" alt="" width="576" height="145" srcset="https://sii.umh.es/files/2026/02/fungiblecomsumibles.png 1036w, https://sii.umh.es/files/2026/02/fungiblecomsumibles-300x76.png 300w, https://sii.umh.es/files/2026/02/fungiblecomsumibles-1024x258.png 1024w, https://sii.umh.es/files/2026/02/fungiblecomsumibles-768x193.png 768w" sizes="(max-width: 576px) 100vw, 576px" /><br />
La Universitat Miguel Hernández d&#8217;Elx ha homologat divers material informàtic fungible a través de l&#8217;expedient <a href="https://contrataciondelestado.es/wps/portal/plataforma/buscadores/detalle/!ut/p/z1/hVDJdoJAEPwajmF6WAbMDdmJRgyLMhceGgTeY_HB4PdnMB4T7Vt1V1VXN6LoiGhf3JqqYM3QFy3HGSW5Yu9M0_Ek0CPZAmljJQnxFiihFB1eUSgfwz9lANfTO0WVTSUN0pBEvgvge461SbAKrkQehCceGc-g5UZq7w1_JcNu_cUzBOE2Dl0JAxCU9MPY8Xuixav5tm8tyrBKFCxrMlYfetcFH69dUPDHpwUk1OzA3sfLilf6ANGqHU6_DzP6k6xXiI7lpRzLUZxH3q4Zu07vAggwldXcdE3Zs-E89GwsWHHmzxbnrhbLSYC_LOphYuj4XImunbPy37Iu38aX7qBPP0ZfjpE!/dz/d5/L2dBISEvZ0FBIS9nQSEh/" target="_blank" rel="noopener">2025_AM_08 Acord Marc per al subministrament de material fungible informàtic i consumibles d&#8217;impressió <img loading="lazy" class="alignnone size-full wp-image-3400" src="https://sii.umh.es/files/2024/01/abre-en-nueva-ventana.png" alt="Abre en nueva ventana" width="15" height="15" /></a></p>
<p>L&#8217;objecte de l&#8217;AM és que es gestionen a través d&#8217;aquest tots els subministraments d&#8217;equipament fungible informàtic necessari per a les activitats de gestió, docència i investigació pròpies dels diferents Departaments, Unitats, Facultats i Escoles, Instituts d&#8217;Investigació i Serveis de la Universitat Miguel Hernández d&#8217;Elx.</p>
<hr style="clear:both;border:none" />
<p style="max-width: 429.7px;border: 2px red solid;padding: 12px 9px 13px 13px;margin: 0 auto"><img loading="lazy" class="wp-image-3767 alignleft" src="https://sii.umh.es/files/2026/02/duracion.png" alt="" width="91" height="101"><strong>Data inici:</strong> 12 de febrer de 2026<br />
<strong>Data fi:</strong> 11 de febrer de 2028</p>
<hr style="clear:both;border:none" />
<ul>
<li><a href="https://sii.umh.es/ca/acuerdos_marco/2025_am_08-acuerdo-marco-de-material-informatico-fungible-y-consumibles-de-impresion/lotes-y-productos-del-acuerdo-marco-2025_am_08/">Lots i productes de l&#8217;acord marc</a></li>
<li><a href="https://sii.umh.es/ca/acuerdos_marco/2025_am_08-acuerdo-marco-de-material-informatico-fungible-y-consumibles-de-impresion/proveedores-homologados-y-plazos-de-entrega-2025_am_08/">Proveïdors homologats i terminis de lliurament</a></li>
<li><a href="https://sii.umh.es/ca/acuerdos_marco/2025_am_08-acuerdo-marco-de-material-informatico-fungible-y-consumibles-de-impresion/procedimiento-completo-de-compra-de-material-fungible-informatico/">Procediment complet de compra de material fungible informàtic</a></li>
<li><a href="https://sii.umh.es/acuerdos_marco/2025_am_08-acuerdo-marco-de-material-informatico-fungible-y-consumibles-de-impresion/preguntas-frecuentes/">Preguntes freqüents</a></li>
</ul>
<p>&nbsp;</p>
<p style="max-width: 560px;border: 2px red solid;padding: 13px;margin: 0 auto"><img loading="lazy" class="wp-image-3767 alignleft" src="https://sii.umh.es/files/2025/02/soporte-271x300.png" alt="" width="91" height="101" srcset="https://sii.umh.es/files/2025/02/soporte-271x300.png 271w, https://sii.umh.es/files/2025/02/soporte.png 500w" sizes="(max-width: 91px) 100vw, 91px" />Per a dubtes sobre la compra, sol·licita ajuda a un tècnic del Servei d&#8217;Infraestructures Informàtiques creant una &#8220;Petició Informàtica&#8221; a través de <a href="http://cau.umh.es"><b>cau.umh.es</b></a></p>
<p>&nbsp;</p>
<p class="editar-link">
<p></p>

<p>La Universitat Miguel Hernández d&#8217;Elx ha homologat divers material informàtic fungible a través de l&#8217;expedient 2025_AM_08 Acord Marc per al subministrament de material fungible informàtic i consumibles d&#8217;impressió<br />
L&#8217;objecte de l&#8217;AM és que es gestionen a través d&#8217;aquest tots els subministraments d&#8217;equipament fungible informàtic necessari per a les activitats de gestió, docència i investigació pròpies [&#8230;]</p>
