{"id":3685,"date":"2024-12-19T10:21:16","date_gmt":"2024-12-19T09:21:16","guid":{"rendered":"https:\/\/sii.umh.es\/?page_id=3685"},"modified":"2026-03-09T12:26:27","modified_gmt":"2026-03-09T11:26:27","slug":"ambiental","status":"publish","type":"page","link":"https:\/\/sii.umh.es\/ca\/presentacion\/ambiental\/","title":{"rendered":"Pol\u00edtica Ambiental"},"content":{"rendered":"<p>El Servei d&#8217;Infraestructures Inform\u00e0tiques de la UMH participa anualment en el <a href=\"https:\/\/www.umhsostenible.com\/objetivos-ambientales\/\" target=\"_blank\" rel=\"noopener\">Programa d&#8217;Objectius Ambientals <img loading=\"lazy\" class=\"alignnone size-full wp-image-3400\" src=\"https:\/\/sii.umh.es\/files\/2024\/01\/abre-en-nueva-ventana.png\" alt=\"Obri en una finestra nova\" width=\"15\" height=\"15\" \/><\/a> com a ferramenta per a la millora i el reconeixement del nostre comportament ambiental i actua d&#8217;acord amb la <a href=\"https:\/\/www.umhsostenible.com\/el-area-ambiental-y-desarrollo-sostenible-de-la-umh\/#politica\">Pol\u00edtica Ambiental de la UMH <img loading=\"lazy\" class=\"alignnone size-full wp-image-3400\" src=\"https:\/\/sii.umh.es\/files\/2024\/01\/abre-en-nueva-ventana.png\" alt=\"Obri en una finestra nova\" width=\"15\" height=\"15\" \/><\/a>, la qual recull els <b>compromisos ambientals<\/b> de la Universitat Miguel Hern\u00e1ndez d&#8217;Elx per a la millora de l&#8217;acompliment ambiental en les seues activitats de gesti\u00f3, investigaci\u00f3, transfer\u00e8ncia de coneixement i formaci\u00f3.<\/p>","protected":false},"excerpt":{"rendered":"<p>El Servei d&#8217;Infraestructures Inform\u00e0tiques de la UMH participa anualment en el Programa d&#8217;Objectius Ambientals  com a ferramenta per a la millora i el reconeixement del nostre comportament ambiental i actua d&#8217;acord amb la Pol\u00edtica Ambiental de la UMH , la qual recull els compromisos ambientals de la Universitat Miguel Hern\u00e1ndez d&#8217;Elx per a la [&#8230;]<\/p>\n","protected":false},"author":4805,"featured_media":0,"parent":4,"menu_order":40,"comment_status":"closed","ping_status":"closed","template":"","meta":{"_links_to":"","_links_to_target":""},"_links":{"self":[{"href":"https:\/\/sii.umh.es\/ca\/wp-json\/wp\/v2\/pages\/3685"}],"collection":[{"href":"https:\/\/sii.umh.es\/ca\/wp-json\/wp\/v2\/pages"}],"about":[{"href":"https:\/\/sii.umh.es\/ca\/wp-json\/wp\/v2\/types\/page"}],"author":[{"embeddable":true,"href":"https:\/\/sii.umh.es\/ca\/wp-json\/wp\/v2\/users\/4805"}],"replies":[{"embeddable":true,"href":"https:\/\/sii.umh.es\/ca\/wp-json\/wp\/v2\/comments?post=3685"}],"version-history":[{"count":0,"href":"https:\/\/sii.umh.es\/ca\/wp-json\/wp\/v2\/pages\/3685\/revisions"}],"up":[{"embeddable":true,"href":"https:\/\/sii.umh.es\/ca\/wp-json\/wp\/v2\/pages\/4"}],"wp:attachment":[{"href":"https:\/\/sii.umh.es\/ca\/wp-json\/wp\/v2\/media?parent=3685"}],"curies":[{"name":"wp","href":"https:\/\/api.w.org\/{rel}","templated":true}]}}

Política Ambiental

<p>El Servei d&#8217;Infraestructures Informàtiques de la UMH participa anualment en el <a href="https://www.umhsostenible.com/objetivos-ambientales/" target="_blank" rel="noopener">Programa d&#8217;Objectius Ambientals <img loading="lazy" class="alignnone size-full wp-image-3400" src="https://sii.umh.es/files/2024/01/abre-en-nueva-ventana.png" alt="Obri en una finestra nova" width="15" height="15" /></a> com a ferramenta per a la millora i el reconeixement del nostre comportament ambiental i actua d&#8217;acord amb la <a href="https://www.umhsostenible.com/el-area-ambiental-y-desarrollo-sostenible-de-la-umh/#politica">Política Ambiental de la UMH <img loading="lazy" class="alignnone size-full wp-image-3400" src="https://sii.umh.es/files/2024/01/abre-en-nueva-ventana.png" alt="Obri en una finestra nova" width="15" height="15" /></a>, la qual recull els <b>compromisos ambientals</b> de la Universitat Miguel Hernández d&#8217;Elx per a la millora de l&#8217;acompliment ambiental en les seues activitats de gestió, investigació, transferència de coneixement i formació.</p>

<p>El Servei d&#8217;Infraestructures Informàtiques de la UMH participa anualment en el Programa d&#8217;Objectius Ambientals  com a ferramenta per a la millora i el reconeixement del nostre comportament ambiental i actua d&#8217;acord amb la Política Ambiental de la UMH , la qual recull els compromisos ambientals de la Universitat Miguel Hernández d&#8217;Elx per a la [&#8230;]</p>
