{"id":3142,"date":"2022-12-19T09:36:17","date_gmt":"2022-12-19T08:36:17","guid":{"rendered":"https:\/\/sii.umh.es\/?page_id=3142"},"modified":"2026-03-09T13:00:46","modified_gmt":"2026-03-09T12:00:46","slug":"gestion-integral-de-impresion-2","status":"publish","type":"page","link":"https:\/\/sii.umh.es\/ca\/servicios\/equipamiento-informatico-e-instalacion-de-software\/gestion-integral-de-impresion-2\/","title":{"rendered":"Servei d&#8217;Impressi\u00f3 Centralitzada"},"content":{"rendered":"<p><strong><a href=\"https:\/\/sii.umh.es\/files\/2022\/12\/Impresora-Konica-Minolta-Bizhub-C250i.jpg\"><img loading=\"lazy\" class=\"wp-image-3154 size-medium alignleft\" src=\"https:\/\/sii.umh.es\/files\/2022\/12\/Impresora-Konica-Minolta-Bizhub-C250i-262x300.jpg\" alt=\"Impresora Konica Minolta Bizhub C250i\" width=\"262\" height=\"300\" srcset=\"https:\/\/sii.umh.es\/files\/2022\/12\/Impresora-Konica-Minolta-Bizhub-C250i-262x300.jpg 262w, https:\/\/sii.umh.es\/files\/2022\/12\/Impresora-Konica-Minolta-Bizhub-C250i.jpg 393w\" sizes=\"(max-width: 262px) 100vw, 262px\" \/><\/a><\/strong><strong>Descripci\u00f3:<\/strong><br \/>\nEl Servei d&#8217;Impressi\u00f3 Centralitzada \u00e9s una soluci\u00f3 integral de gesti\u00f3 d&#8217;impressi\u00f3, incloent impressi\u00f3, c\u00f2pia, fax, digitalitzaci\u00f3 i grapat de documents, mitjan\u00e7ant equips multifunci\u00f3, que juntament amb una ferramenta de gesti\u00f3 ens permet oferir un servei totalment gestionat en els diferents campus.<\/p>\n<p><strong>Objectius<\/strong> <strong>del servei<\/strong><\/p>\n<p>Proporcionar als usuaris un servei d&#8217;impressi\u00f3 amb <strong>recursos homogenis <\/strong>que els permeta una <strong>impressi\u00f3 fiable i segura <\/strong>mitjan\u00e7ant la recollida de documents <strong>en qualsevol impresora del servei<\/strong>, indistintament del campus o edifici on es trobe el dispositiu. Amb este servei s&#8217;aconsegueix a m\u00e9s <strong>eliminar la gesti\u00f3 de compres<\/strong> d&#8217;impresores <strong>i\/o contractes d&#8217;impressi\u00f3<\/strong>, de consumibles d&#8217;impressi\u00f3 i paper. <strong>Proporcionar un cost fix d&#8217;impressi\u00f3<\/strong>. Maximitzar l&#8217;<strong>efici\u00e8ncia de la gesti\u00f3 d&#8217;incid\u00e8ncies. <\/strong>Reduir la quantitat de dispositius, <strong>permetent una reducci\u00f3 energ\u00e8tica<\/strong> i adaptant-los a les necessitats dels usuaris.<\/p>\n<p><strong>Requisits i condicions:<\/strong><\/p>\n<p>Pert\u00e0nyer a un dels serveis o departaments adscrits al Servei d&#8217;Impressi\u00f3 Centralitzada, tant com a Personal d&#8217;Administraci\u00f3 i Serveis (PAS) com a Personal Docent Investigador (PDI) de la UMH.<\/p>\n<p><strong>Presentaci\u00f3 del Servei:<\/strong><\/p>\n<ul>\n<li><a href=\"https:\/\/sii.umh.es\/files\/2022\/12\/Servicio-de-Impresion-Centralizada.pdf\" target=\"_blank\" rel=\"noopener\">Presentaci\u00f3 del Servei d&#8217;Impressi\u00f3 Centralitzada (PDF) <img loading=\"lazy\" class=\"alignnone size-full wp-image-47\" src=\"https:\/\/sipt.umh.es\/files\/2021\/11\/abre-en-nueva-ventana.png\" alt=\"obri en una finestra nova\" width=\"15\" height=\"15\" \/><\/a>: En esta presentaci\u00f3 ampliem informaci\u00f3 del funcionament del Servei, models dels equips i els costos d&#8217;impressi\u00f3.<\/li>\n<\/ul>\n<p><strong>Permisos d&#8217;impressi\u00f3:<\/strong><\/p>\n<ul>\n<li>Tot el personal PAS\/PDI associat a una Unitat Organitzativa (UOR) disposa de permisos per a poder imputar els c\u00e0rrecs de la impressi\u00f3 a esta; estos es donen de manera autom\u00e0tica.<\/li>\n<li><a href=\"https:\/\/tickb.umh.es\/soporte-a-equipamiento-informatico\/impresion-corporativa\/como-gestionar-los-permisos-del-servicio-de-impresion-centralizada\/\" target=\"_blank\" rel=\"noopener\">Com gestionar els permisos del servei d&#8217;impressi\u00f3 centralitzada <img loading=\"lazy\" class=\"alignnone size-full wp-image-47\" src=\"https:\/\/sipt.umh.es\/files\/2021\/11\/abre-en-nueva-ventana.png\" alt=\"obri en una finestra nova\" width=\"15\" height=\"15\" \/><\/a>: En els casos en qu\u00e8 vulguem donar permisos d&#8217;impressi\u00f3 a personal que no siga PAS\/PDI de la seua unitat organitzativa (UOR) perqu\u00e8 puguen usar el servei i realitzar les imputacions a eixa unitat.<\/li>\n<\/ul>\n<p>A continuaci\u00f3, facilitem els manuals de configuraci\u00f3 i instal\u00b7laci\u00f3 (per a accedir-hi se li sol\u00b7licitar\u00e0 el seu usuari i contrasenya de la UMH).<\/p>\n<p><strong>Configuraci\u00f3:<\/strong><\/p>\n<ul>\n<li><a href=\"https:\/\/tickb.umh.es\/soporte-a-equipamiento-informatico\/impresion-corporativa\/como-instalar-los-drivers-y-el-cliente-de-papercut-para-su-utilizacion-en-una-impresora-centralizada\/\" target=\"_blank\" rel=\"noopener\">Instal\u00b7laci\u00f3 de drivers i aplicaci\u00f3 Papercut <img loading=\"lazy\" class=\"alignnone size-full wp-image-47\" src=\"https:\/\/sipt.umh.es\/files\/2021\/11\/abre-en-nueva-ventana.png\" alt=\"obri en una finestra nova\" width=\"15\" height=\"15\" \/><\/a>: nom\u00e9s \u00e9s necessari en cas d&#8217;equips que no estiguen en domini i per a equips de PDI.<\/li>\n<li><a href=\"https:\/\/tickb.umh.es\/soporte-a-equipamiento-informatico\/impresion-corporativa\/como-instalar-una-impresora-del-servicio-de-impresion-centralizada-en-un-sistema-windows\/\" target=\"_blank\" rel=\"noopener\">Configuraci\u00f3 d&#8217;impresores en Windows <img loading=\"lazy\" class=\"alignnone size-full wp-image-47\" src=\"https:\/\/sipt.umh.es\/files\/2021\/11\/abre-en-nueva-ventana.png\" alt=\"obri en una finestra nova\" width=\"15\" height=\"15\" \/><\/a>: per a configurar les distintes impresores del servei d&#8217;impressi\u00f3 corporativa en Windows.<\/li>\n<li><a href=\"https:\/\/tickb.umh.es\/soporte-a-equipamiento-informatico\/impresion-corporativa\/como-instalar-una-impresora-del-servicio-de-impresion-centralizada-en-un-sistema-macos\/\" target=\"_blank\" rel=\"noopener\">Instal\u00b7laci\u00f3 de programari i configuraci\u00f3 d&#8217;impresores en MAC OS <img loading=\"lazy\" class=\"alignnone size-full wp-image-47\" src=\"https:\/\/sipt.umh.es\/files\/2021\/11\/abre-en-nueva-ventana.png\" alt=\"obri en una finestra nova\" width=\"15\" height=\"15\" \/>:<\/a> per a configurar les distintes impresores del servei d&#8217;impressi\u00f3 corporativa en MAC OS.<\/li>\n<li><a href=\"https:\/\/tickb.umh.es\/soporte-a-equipamiento-informatico\/impresion-corporativa\/como-instalar-una-impresora-del-servicio-de-impresion-centralizada-en-un-sistema-linux\/\" target=\"_blank\" rel=\"noopener\">Instal\u00b7laci\u00f3 de programari i configuraci\u00f3 d&#8217;impresores en Linux <img loading=\"lazy\" class=\"alignnone size-full wp-image-47\" src=\"https:\/\/sipt.umh.es\/files\/2021\/11\/abre-en-nueva-ventana.png\" alt=\"obri en una finestra nova\" width=\"15\" height=\"15\" \/><\/a>: per a configurar les distintes impresores del servei d&#8217;impressi\u00f3 corporativa en Linux.<\/li>\n<li><a href=\"https:\/\/tickb.umh.es\/soporte-a-equipamiento-informatico\/impresion-corporativa\/como-eliminar-una-impresora-que-ya-no-utilizas-en-windows\/\" target=\"_blank\" rel=\"noopener\">Eliminar impresores antigues <img loading=\"lazy\" class=\"alignnone size-full wp-image-47\" src=\"https:\/\/sipt.umh.es\/files\/2021\/11\/abre-en-nueva-ventana.png\" alt=\"obri en una finestra nova\" width=\"15\" height=\"15\" \/><\/a>: en cas de voler llevar de la llista d&#8217;impresores del seu equip les que ja no utilitze o no estiguen disponibles.<\/li>\n<\/ul>\n<p><strong>Ajudes i Manuals:<\/strong><\/p>\n<ul>\n<li><a href=\"https:\/\/tickb.umh.es\/soporte-a-equipamiento-informatico\/impresion-corporativa\/como-iniciar-sesion-en-una-impresora-del-servicio-de-impresion-centralizada\/\" target=\"_blank\" rel=\"noopener\">Inici en la impresora <img loading=\"lazy\" class=\"alignnone size-full wp-image-47\" src=\"https:\/\/sipt.umh.es\/files\/2021\/11\/abre-en-nueva-ventana.png\" alt=\"obri en una finestra nova\" width=\"15\" height=\"15\" \/><\/a><\/li>\n<li><a href=\"https:\/\/tickb.umh.es\/soporte-a-equipamiento-informatico\/impresion-corporativa\/como-liberar-los-trabajos-de-impresion-retenidos-en-las-impresoras-del-servicio-de-impresion-centralizada\/\" target=\"_blank\" rel=\"noopener\">Alliberar treballs d&#8217;Impressi\u00f3 Segura <img loading=\"lazy\" class=\"alignnone size-full wp-image-47\" src=\"https:\/\/sipt.umh.es\/files\/2021\/11\/abre-en-nueva-ventana.png\" alt=\"obri en una finestra nova\" width=\"15\" height=\"15\" \/><\/a><\/li>\n<li><a href=\"https:\/\/tickb.umh.es\/soporte-a-equipamiento-informatico\/impresion-corporativa\/como-utilizar-la-funcion-de-escaner-avanzado-en-las-impresoras-del-servicio-de-impresion-centralizada\/\" target=\"_blank\" rel=\"noopener\">Esc\u00e0ner Avan\u00e7at <img loading=\"lazy\" class=\"alignnone size-full wp-image-47\" src=\"https:\/\/sipt.umh.es\/files\/2021\/11\/abre-en-nueva-ventana.png\" alt=\"obri en una finestra nova\" width=\"15\" height=\"15\" \/><\/a><\/li>\n<li><a href=\"https:\/\/tickb.umh.es\/soporte-a-equipamiento-informatico\/impresion-corporativa\/como-utilizar-la-funcion-de-escaner-en-las-impresoras-del-servicio-de-impresion-centralizada\/\" target=\"_blank\" rel=\"noopener\">Esc\u00e0ner <img loading=\"lazy\" class=\"alignnone size-full wp-image-47\" src=\"https:\/\/sipt.umh.es\/files\/2021\/11\/abre-en-nueva-ventana.png\" alt=\"obri en una finestra nova\" width=\"15\" height=\"15\" \/><\/a><\/li>\n<li><a href=\"https:\/\/tickb.umh.es\/soporte-a-equipamiento-informatico\/impresion-corporativa\/como-utilizar-la-funcion-copiar-en-las-impresoras-del-servicio-de-impresion-centralizada\/\" target=\"_blank\" rel=\"noopener\">Copiar <img loading=\"lazy\" class=\"alignnone size-full wp-image-47\" src=\"https:\/\/sipt.umh.es\/files\/2021\/11\/abre-en-nueva-ventana.png\" alt=\"obri en una finestra nova\" width=\"15\" height=\"15\" \/><\/a><\/li>\n<li><a href=\"https:\/\/tickb.umh.es\/soporte-a-equipamiento-informatico\/impresion-corporativa\/como-utilizar-la-funcion-impresion-a-traves-de-codigo-qr-en-las-impresoras-del-servicio-de-impresion-centralizada\/\" target=\"_blank\" rel=\"noopener\">Impressi\u00f3 a trav\u00e9s de Codi QR <img loading=\"lazy\" class=\"alignnone size-full wp-image-47\" src=\"https:\/\/sipt.umh.es\/files\/2021\/11\/abre-en-nueva-ventana.png\" alt=\"obri en una finestra nova\" width=\"15\" height=\"15\" \/><\/a><\/li>\n<li><a href=\"https:\/\/tickb.umh.es\/soporte-a-equipamiento-informatico\/impresion-corporativa\/como-utilizar-la-funcion-grapado-en-las-impresoras-del-servicio-de-impresion-centralizada\/\" target=\"_blank\" rel=\"noopener\">Utilitzar la funci\u00f3 de grapat <img loading=\"lazy\" class=\"alignnone size-full wp-image-47\" src=\"https:\/\/sipt.umh.es\/files\/2021\/11\/abre-en-nueva-ventana.png\" alt=\"obri en una finestra nova\" width=\"15\" height=\"15\" \/><\/a><\/li>\n<li><a href=\"https:\/\/manuals.konicaminolta.eu\/bizhub-C360i-C300i-C250i\/ES\/bizhub-c360i-c300i-c250i\/index.html\" target=\"_blank\" rel=\"noopener\">M\u00e9s informaci\u00f3 <img loading=\"lazy\" class=\"alignnone size-full wp-image-47\" src=\"https:\/\/sipt.umh.es\/files\/2021\/11\/abre-en-nueva-ventana.png\" alt=\"obri en una finestra nova\" width=\"15\" height=\"15\" \/><\/a><\/li>\n<\/ul>\n<p><strong>Sol\u00b7licitud i\/o acc\u00e9s al servei:<br \/>\n<\/strong>Qualsevol petici\u00f3 o incid\u00e8ncia sobre el Servei d&#8217;Impressi\u00f3 Centralitzada s&#8217;haur\u00e0 de comunicar al Servei d&#8217;Infraestructura Inform\u00e0tica a trav\u00e9s del <a href=\"http:\/\/cau.umh.es\/\" target=\"_blank\" rel=\"noopener noreferrer\">Centre d&#8217;Atenci\u00f3 a l&#8217;Usuari (CAU) <img loading=\"lazy\" class=\"alignnone size-full wp-image-47\" src=\"https:\/\/sipt.umh.es\/files\/2021\/11\/abre-en-nueva-ventana.png\" alt=\"obri en una finestra nova\" width=\"15\" height=\"15\" \/>.<\/a> En cas de problemes t\u00e8cnics que impedisquen l&#8217;acc\u00e9s al web de la UMH, s&#8217;hauran de comunicar les incid\u00e8ncies cridant al tel\u00e8fon 8582. Esta extensi\u00f3 disposa d&#8217;una b\u00fastia de veu on podr\u00e0 deixar el seu missatge en cas necessari.<\/p>","protected":false},"excerpt":{"rendered":"<p>Descripci\u00f3:<br \/>\nEl Servei d&#8217;Impressi\u00f3 Centralitzada \u00e9s una soluci\u00f3 integral de gesti\u00f3 d&#8217;impressi\u00f3, incloent impressi\u00f3, c\u00f2pia, fax, digitalitzaci\u00f3 i grapat de documents, mitjan\u00e7ant equips multifunci\u00f3, que juntament amb una ferramenta de gesti\u00f3 ens permet oferir un servei totalment gestionat en els diferents campus.<br \/>\nObjectius del servei<br \/>\nProporcionar als usuaris un servei d&#8217;impressi\u00f3 amb recursos homogenis que els permeta una [&#8230;]<\/p>\n","protected":false},"author":3102,"featured_media":0,"parent":342,"menu_order":0,"comment_status":"closed","ping_status":"closed","template":"","meta":{"_links_to":"","_links_to_target":""},"_links":{"self":[{"href":"https:\/\/sii.umh.es\/ca\/wp-json\/wp\/v2\/pages\/3142"}],"collection":[{"href":"https:\/\/sii.umh.es\/ca\/wp-json\/wp\/v2\/pages"}],"about":[{"href":"https:\/\/sii.umh.es\/ca\/wp-json\/wp\/v2\/types\/page"}],"author":[{"embeddable":true,"href":"https:\/\/sii.umh.es\/ca\/wp-json\/wp\/v2\/users\/3102"}],"replies":[{"embeddable":true,"href":"https:\/\/sii.umh.es\/ca\/wp-json\/wp\/v2\/comments?post=3142"}],"version-history":[{"count":0,"href":"https:\/\/sii.umh.es\/ca\/wp-json\/wp\/v2\/pages\/3142\/revisions"}],"up":[{"embeddable":true,"href":"https:\/\/sii.umh.es\/ca\/wp-json\/wp\/v2\/pages\/342"}],"wp:attachment":[{"href":"https:\/\/sii.umh.es\/ca\/wp-json\/wp\/v2\/media?parent=3142"}],"curies":[{"name":"wp","href":"https:\/\/api.w.org\/{rel}","templated":true}]}}

Servei d&#8217;Impressió Centralitzada

<p><strong><a href="https://sii.umh.es/files/2022/12/Impresora-Konica-Minolta-Bizhub-C250i.jpg"><img loading="lazy" class="wp-image-3154 size-medium alignleft" src="https://sii.umh.es/files/2022/12/Impresora-Konica-Minolta-Bizhub-C250i-262x300.jpg" alt="Impresora Konica Minolta Bizhub C250i" width="262" height="300" srcset="https://sii.umh.es/files/2022/12/Impresora-Konica-Minolta-Bizhub-C250i-262x300.jpg 262w, https://sii.umh.es/files/2022/12/Impresora-Konica-Minolta-Bizhub-C250i.jpg 393w" sizes="(max-width: 262px) 100vw, 262px" /></a></strong><strong>Descripció:</strong><br />
El Servei d&#8217;Impressió Centralitzada és una solució integral de gestió d&#8217;impressió, incloent impressió, còpia, fax, digitalització i grapat de documents, mitjançant equips multifunció, que juntament amb una ferramenta de gestió ens permet oferir un servei totalment gestionat en els diferents campus.</p>
<p><strong>Objectius</strong> <strong>del servei</strong></p>
<p>Proporcionar als usuaris un servei d&#8217;impressió amb <strong>recursos homogenis </strong>que els permeta una <strong>impressió fiable i segura </strong>mitjançant la recollida de documents <strong>en qualsevol impresora del servei</strong>, indistintament del campus o edifici on es trobe el dispositiu. Amb este servei s&#8217;aconsegueix a més <strong>eliminar la gestió de compres</strong> d&#8217;impresores <strong>i/o contractes d&#8217;impressió</strong>, de consumibles d&#8217;impressió i paper. <strong>Proporcionar un cost fix d&#8217;impressió</strong>. Maximitzar l&#8217;<strong>eficiència de la gestió d&#8217;incidències. </strong>Reduir la quantitat de dispositius, <strong>permetent una reducció energètica</strong> i adaptant-los a les necessitats dels usuaris.</p>
<p><strong>Requisits i condicions:</strong></p>
<p>Pertànyer a un dels serveis o departaments adscrits al Servei d&#8217;Impressió Centralitzada, tant com a Personal d&#8217;Administració i Serveis (PAS) com a Personal Docent Investigador (PDI) de la UMH.</p>
<p><strong>Presentació del Servei:</strong></p>
<ul>
<li><a href="https://sii.umh.es/files/2022/12/Servicio-de-Impresion-Centralizada.pdf" target="_blank" rel="noopener">Presentació del Servei d&#8217;Impressió Centralitzada (PDF) <img loading="lazy" class="alignnone size-full wp-image-47" src="https://sipt.umh.es/files/2021/11/abre-en-nueva-ventana.png" alt="obri en una finestra nova" width="15" height="15" /></a>: En esta presentació ampliem informació del funcionament del Servei, models dels equips i els costos d&#8217;impressió.</li>
</ul>
<p><strong>Permisos d&#8217;impressió:</strong></p>
<ul>
<li>Tot el personal PAS/PDI associat a una Unitat Organitzativa (UOR) disposa de permisos per a poder imputar els càrrecs de la impressió a esta; estos es donen de manera automàtica.</li>
<li><a href="https://tickb.umh.es/soporte-a-equipamiento-informatico/impresion-corporativa/como-gestionar-los-permisos-del-servicio-de-impresion-centralizada/" target="_blank" rel="noopener">Com gestionar els permisos del servei d&#8217;impressió centralitzada <img loading="lazy" class="alignnone size-full wp-image-47" src="https://sipt.umh.es/files/2021/11/abre-en-nueva-ventana.png" alt="obri en una finestra nova" width="15" height="15" /></a>: En els casos en què vulguem donar permisos d&#8217;impressió a personal que no siga PAS/PDI de la seua unitat organitzativa (UOR) perquè puguen usar el servei i realitzar les imputacions a eixa unitat.</li>
</ul>
<p>A continuació, facilitem els manuals de configuració i instal·lació (per a accedir-hi se li sol·licitarà el seu usuari i contrasenya de la UMH).</p>
<p><strong>Configuració:</strong></p>
<ul>
<li><a href="https://tickb.umh.es/soporte-a-equipamiento-informatico/impresion-corporativa/como-instalar-los-drivers-y-el-cliente-de-papercut-para-su-utilizacion-en-una-impresora-centralizada/" target="_blank" rel="noopener">Instal·lació de drivers i aplicació Papercut <img loading="lazy" class="alignnone size-full wp-image-47" src="https://sipt.umh.es/files/2021/11/abre-en-nueva-ventana.png" alt="obri en una finestra nova" width="15" height="15" /></a>: només és necessari en cas d&#8217;equips que no estiguen en domini i per a equips de PDI.</li>
<li><a href="https://tickb.umh.es/soporte-a-equipamiento-informatico/impresion-corporativa/como-instalar-una-impresora-del-servicio-de-impresion-centralizada-en-un-sistema-windows/" target="_blank" rel="noopener">Configuració d&#8217;impresores en Windows <img loading="lazy" class="alignnone size-full wp-image-47" src="https://sipt.umh.es/files/2021/11/abre-en-nueva-ventana.png" alt="obri en una finestra nova" width="15" height="15" /></a>: per a configurar les distintes impresores del servei d&#8217;impressió corporativa en Windows.</li>
<li><a href="https://tickb.umh.es/soporte-a-equipamiento-informatico/impresion-corporativa/como-instalar-una-impresora-del-servicio-de-impresion-centralizada-en-un-sistema-macos/" target="_blank" rel="noopener">Instal·lació de programari i configuració d&#8217;impresores en MAC OS <img loading="lazy" class="alignnone size-full wp-image-47" src="https://sipt.umh.es/files/2021/11/abre-en-nueva-ventana.png" alt="obri en una finestra nova" width="15" height="15" />:</a> per a configurar les distintes impresores del servei d&#8217;impressió corporativa en MAC OS.</li>
<li><a href="https://tickb.umh.es/soporte-a-equipamiento-informatico/impresion-corporativa/como-instalar-una-impresora-del-servicio-de-impresion-centralizada-en-un-sistema-linux/" target="_blank" rel="noopener">Instal·lació de programari i configuració d&#8217;impresores en Linux <img loading="lazy" class="alignnone size-full wp-image-47" src="https://sipt.umh.es/files/2021/11/abre-en-nueva-ventana.png" alt="obri en una finestra nova" width="15" height="15" /></a>: per a configurar les distintes impresores del servei d&#8217;impressió corporativa en Linux.</li>
<li><a href="https://tickb.umh.es/soporte-a-equipamiento-informatico/impresion-corporativa/como-eliminar-una-impresora-que-ya-no-utilizas-en-windows/" target="_blank" rel="noopener">Eliminar impresores antigues <img loading="lazy" class="alignnone size-full wp-image-47" src="https://sipt.umh.es/files/2021/11/abre-en-nueva-ventana.png" alt="obri en una finestra nova" width="15" height="15" /></a>: en cas de voler llevar de la llista d&#8217;impresores del seu equip les que ja no utilitze o no estiguen disponibles.</li>
</ul>
<p><strong>Ajudes i Manuals:</strong></p>
<ul>
<li><a href="https://tickb.umh.es/soporte-a-equipamiento-informatico/impresion-corporativa/como-iniciar-sesion-en-una-impresora-del-servicio-de-impresion-centralizada/" target="_blank" rel="noopener">Inici en la impresora <img loading="lazy" class="alignnone size-full wp-image-47" src="https://sipt.umh.es/files/2021/11/abre-en-nueva-ventana.png" alt="obri en una finestra nova" width="15" height="15" /></a></li>
<li><a href="https://tickb.umh.es/soporte-a-equipamiento-informatico/impresion-corporativa/como-liberar-los-trabajos-de-impresion-retenidos-en-las-impresoras-del-servicio-de-impresion-centralizada/" target="_blank" rel="noopener">Alliberar treballs d&#8217;Impressió Segura <img loading="lazy" class="alignnone size-full wp-image-47" src="https://sipt.umh.es/files/2021/11/abre-en-nueva-ventana.png" alt="obri en una finestra nova" width="15" height="15" /></a></li>
<li><a href="https://tickb.umh.es/soporte-a-equipamiento-informatico/impresion-corporativa/como-utilizar-la-funcion-de-escaner-avanzado-en-las-impresoras-del-servicio-de-impresion-centralizada/" target="_blank" rel="noopener">Escàner Avançat <img loading="lazy" class="alignnone size-full wp-image-47" src="https://sipt.umh.es/files/2021/11/abre-en-nueva-ventana.png" alt="obri en una finestra nova" width="15" height="15" /></a></li>
<li><a href="https://tickb.umh.es/soporte-a-equipamiento-informatico/impresion-corporativa/como-utilizar-la-funcion-de-escaner-en-las-impresoras-del-servicio-de-impresion-centralizada/" target="_blank" rel="noopener">Escàner <img loading="lazy" class="alignnone size-full wp-image-47" src="https://sipt.umh.es/files/2021/11/abre-en-nueva-ventana.png" alt="obri en una finestra nova" width="15" height="15" /></a></li>
<li><a href="https://tickb.umh.es/soporte-a-equipamiento-informatico/impresion-corporativa/como-utilizar-la-funcion-copiar-en-las-impresoras-del-servicio-de-impresion-centralizada/" target="_blank" rel="noopener">Copiar <img loading="lazy" class="alignnone size-full wp-image-47" src="https://sipt.umh.es/files/2021/11/abre-en-nueva-ventana.png" alt="obri en una finestra nova" width="15" height="15" /></a></li>
<li><a href="https://tickb.umh.es/soporte-a-equipamiento-informatico/impresion-corporativa/como-utilizar-la-funcion-impresion-a-traves-de-codigo-qr-en-las-impresoras-del-servicio-de-impresion-centralizada/" target="_blank" rel="noopener">Impressió a través de Codi QR <img loading="lazy" class="alignnone size-full wp-image-47" src="https://sipt.umh.es/files/2021/11/abre-en-nueva-ventana.png" alt="obri en una finestra nova" width="15" height="15" /></a></li>
<li><a href="https://tickb.umh.es/soporte-a-equipamiento-informatico/impresion-corporativa/como-utilizar-la-funcion-grapado-en-las-impresoras-del-servicio-de-impresion-centralizada/" target="_blank" rel="noopener">Utilitzar la funció de grapat <img loading="lazy" class="alignnone size-full wp-image-47" src="https://sipt.umh.es/files/2021/11/abre-en-nueva-ventana.png" alt="obri en una finestra nova" width="15" height="15" /></a></li>
<li><a href="https://manuals.konicaminolta.eu/bizhub-C360i-C300i-C250i/ES/bizhub-c360i-c300i-c250i/index.html" target="_blank" rel="noopener">Més informació <img loading="lazy" class="alignnone size-full wp-image-47" src="https://sipt.umh.es/files/2021/11/abre-en-nueva-ventana.png" alt="obri en una finestra nova" width="15" height="15" /></a></li>
</ul>
<p><strong>Sol·licitud i/o accés al servei:<br />
</strong>Qualsevol petició o incidència sobre el Servei d&#8217;Impressió Centralitzada s&#8217;haurà de comunicar al Servei d&#8217;Infraestructura Informàtica a través del <a href="http://cau.umh.es/" target="_blank" rel="noopener noreferrer">Centre d&#8217;Atenció a l&#8217;Usuari (CAU) <img loading="lazy" class="alignnone size-full wp-image-47" src="https://sipt.umh.es/files/2021/11/abre-en-nueva-ventana.png" alt="obri en una finestra nova" width="15" height="15" />.</a> En cas de problemes tècnics que impedisquen l&#8217;accés al web de la UMH, s&#8217;hauran de comunicar les incidències cridant al telèfon 8582. Esta extensió disposa d&#8217;una bústia de veu on podrà deixar el seu missatge en cas necessari.</p>

<p>Descripció:<br />
El Servei d&#8217;Impressió Centralitzada és una solució integral de gestió d&#8217;impressió, incloent impressió, còpia, fax, digitalització i grapat de documents, mitjançant equips multifunció, que juntament amb una ferramenta de gestió ens permet oferir un servei totalment gestionat en els diferents campus.<br />
Objectius del servei<br />
Proporcionar als usuaris un servei d&#8217;impressió amb recursos homogenis que els permeta una [&#8230;]</p>
